digit of 1941664648?
4
What is the hundreds digit of 1224914785?
7
What is the billions digit of 4304384158?
4
What is the ten millions digit of 29628323?
2
What is the hundred thousands digit of 162569550?
5
What is the units digit of 39608065?
5
What is the hundred millions digit of 2204006869?
2
What is the tens digit of 130412691?
9
What is the hundred thousands digit of 62216793?
2
What is the millions digit of 93110122?
3
What is the hundred thousands digit of 676846841?
8
What is the hundred thousands digit of 118461059?
4
What is the ten millions digit of 85573634?
8
What is the millions digit of 99889846?
9
What is the hundred millions digit of 419110252?
4
What is the thousands digit of 42135666?
5
What is the ten millions digit of 1223801842?
2
What is the units digit of 9028156?
6
What is the hundred thousands digit of 137673976?
6
What is the ten millions digit of 4725532574?
2
What is the hundred millions digit of 127468282?
1
What is the millions digit of 527834539?
7
What is the hundred millions digit of 147379198?
1
What is the ten thousands digit of 5259296?
5
What is the hundreds digit of 66583260?
2
What is the hundreds digit of 881505107?
1
What is the hundred millions digit of 2871811457?
8
What is the hundred millions digit of 445425454?
4
What is the thousands digit of 2199216803?
6
What is the tens digit of 614094953?
5
What is the thousands digit of 95271738?
1
What is the hundred millions digit of 1215588096?
2
What is the hundreds digit of 472870372?
3
What is the units digit of 117405335?
5
What is the hundreds digit of 212224776?
7
What is the hundreds digit of 237390761?
7
What is the hundred thousands digit of 50624996?
6
What is the ten millions digit of 99634392?
9
What is the hundred millions digit of 1018913064?
0
What is the ten millions digit of 827022531?
2
What is the thousands digit of 1571270059?
0
What is the millions digit of 1034046810?
4
What is the hundreds digit of 216016026?
0
What is the ten millions digit of 34500548?
3
What is the ten millions digit of 1076787603?
7
What is the tens digit of 154485349?
4
What is the ten thousands digit of 95490163?
9
What is the hundred thousands digit of 783443951?
4
What is the millions digit of 1977619624?
7
What is the hundred millions digit of 387201555?
3
What is the units digit of 123950240?
0
What is the hundreds digit of 19079507?
5
What is the thousands digit of 767304423?
4
What is the millions digit of 57192631?
7
What is the tens digit of 43150710?
1
What is the thousands digit of 214980242?
0
What is the hundreds digit of 652428509?
5
What is the ten millions digit of 348486789?
4
What is the tens digit of 767761884?
8
What is the hundred millions digit of 1741975304?
7
What is the ten thousands digit of 2468669393?
6
What is the hundreds digit of 2807148422?
4
What is the ten thousands digit of 17098015?
9
What is the hundred thousands digit of 884227966?
2
What is the thousands digit of 457327147?
7
What is the ten thousands digit of 1622170306?
7
What is the millions digit of 2916662826?
6
What is the hundred thousands digit of 40744856?
7
What is the units digit of 63344129?
9
What is the ten thousands digit of 203717828?
1
What is the tens digit of 1220321302?
0
What is the hundred millions digit of 3425319841?
4
What is the ten thousands digit of 85500989?
0
What is the units digit of 3608710?
0
What is the hundred millions digit of 1790148935?
7
What is the ten millions digit of 1665486775?
6
What is the ten millions digit of 17378817?
1
What is the hundreds digit of 1158492634?
6
What is the ten thousands digit of 33292052?
9
What is the hundreds digit of 27947715?
7
What is the ten millions digit of 176679626?
7
What is the millions digit of 5693748956?
3
What is the thousands digit of 752555878?
5
What is the thousands digit of 679299812?
9
What is the millions digit of 422461835?
2
What is the hundred thousands digit of 3198493828?
4
What is the ten millions digit of 36160187?
3
What is the ten millions digit of 966104100?
6
What is the ten millions digit of 83633262?
8
What is the hundred millions digit of 113318335?
1
What is the units digit of 320872010?
0
What is the hundreds digit of 393025945?
9
What is the units digit of 7054907017?
7
What is the ten millions digit of 536102887?
3
What is the hundred millions digit of 2897087856?
8
What is the billions digit of 2131731595?
2
What is the hundreds digit of 78431132?
1
What is the ten millions digit of 38924187?
3
What is the tens digit of 11213557?
5
What is the tens digit of 1167222111?
1
What is the ten thousands digit of 28121195?
2
What is the thousands digit of 5415799668?
9
What is the units digit of 1175684541?
1
What is the ten millions digit of 743662564?
4
What is the thousands digit of 1566843747?
3
What is the ten thousands digit of 374172759?
7
What is the hundred thousands digit of 109039656?
0
What is the hundred thousands digit of 158931082?
9
What is the hundreds digit of 51593594?
5
What is the hundred millions digit of 3214784493?
2
What is the millions digit of 5143354?
5
What is the ten millions digit of 94885427?
9
What is the tens digit of 573102480?
8
What is the thousands digit of 265587938?
7
What is the millions digit of 30365285?
0
What is the ten millions digit of 184298387?
8
What is the tens digit of 16645123?
2
What is the hundreds digit of 37448181?
1
What is the ten thousands digit of 703721687?
2
What is the tens digit of 66658640?
4
What is the units digit of 1225558114?
4
What is the ten thousands digit of 3893377?
9
What is the hundreds digit of 150650919?
9
What is the thousands digit of 497293567?
3
What is the hundred thousands digit of 26385024?
3
What is the millions digit of 800525369?
0
What is the units digit of 45477787?
7
What is the ten thousands digit of 9089727?
8
What is the hundred millions digit of 267498254?
2
What is the units digit of 28437540?
0
What is the thousands digit of 2850283099?
3
What is the ten thousands digit of 548493507?
9
What is the hundred millions digit of 157559611?
1
What is the ten millions digit of 55459443?
5
What is the tens digit of 63710511?
1
What is the thousands digit of 2038754955?
4
What is the ten millions digit of 17251390?
1
What is the units digit of 67062198?
8
What is the ten thousands digit of 406787488?
8
What is the hundred thousands digit of 645046638?
0
What is the millions digit of 3954843849?
4
What is the millions digit of 125435577?
5
What is the units digit of 682177732?
2
What is the thousands digit of 9098251?
8
What is the units digit of 208345644?
4
What is the ten thousands digit of 1435871426?
7
What is the hundred thousands digit of 39129591?
1
What is the thousands digit of 4374996414?
6
What is the hundred thousands digit of 89953607?
9
What is the hundreds digit of 2704009417?
4
What is the hundred millions digit of 1725846179?
7
What is the hundred millions digit of 365156697?
3
What is the hundred thousands digit of 1680694834?
6
What is the hundred millions digit of 344774034?
3
What is the thousands digit of 15552244?
2
What is the hundreds digit of 52174303?
3
What is the tens digit of 190395052?
5
What is the ten thousands digit of 26263812?
6
What is the millions digit of 276008429?
6
What is the hundred millions digit of 180673174?
1
What is the ten thousands digit of 358938842?
3
What is the tens digit of 159172798?
9
What is the billions digit of 2097394663?
2
What is the hundred millions digit of 2398689051?
3
What is the ten thousands digit of 329234831?
3
What is the hundred millions digit of 1112552746?
1
What is the tens digit of 519444275?
7
What is the ten millions digit of 839549287?
3
What is the millions digit of 104478151?
4
What is the millions digit of 724640847?
4
What is the tens digit of 2046222249?
4
What is the hundreds digit of 26122061?
0
What is the hundreds digit of 1248529977?
9
What is the ten thousands digit of 607652932?
5
What is the hundred thousands digit of 2670876914?
8
What is the ten thousands digit of 185961160?
6
What is the units digit of 25710872?
2
What is the millions digit of 52886631?
2
What is the hundred thousands digit of 10806118?
8
What is the tens digit of 79594104?
0
What is the units digit of 2501765?
5
